5)?
-37
Let h(k) = -k**2 + 196*k - 968. Calculate h(191).
-13
Let m(u) = -85464*u - 85486. Give m(-1).
-22
Let k(o) = -62*o**3 - 8866*o**2 + 2*o + 304. Determine k(-143).
18
Let f(q) = 52*q**2 + 46*q + 629. What is f(0)?
629
Let d(l) = l**2 + 276*l - 25110. What is d(-348)?
-54
Let k(c) = c**3 - 37*c**2 - 148*c - 599. What is k(41)?
57
Let w(y) = 121*y**2 - 4286*y + 9679. Determine w(33).
10
Let x(d) = d**3 - 33*d**2 - 1696*d - 2097. What is x(-27)?
-45
Let b(t) = t**3 - 145*t**2 + 718*t - 2452. Give b(140).
68
Let h(x) = -1071*x + 179. Give h(1).
-892
Let f(u) = 11*u**2 - 651*u - 2322. What is f(62)?
-400
Let q(h) = 2666*h - 405175. Determine q(152).
57
Let s(b) = -401*b + 107089. What is s(267)?
22
Let f(i) = i**3 - 27*i**2 - 454*i + 7324. Calculate f(34).
-20
Let h(t) = 12*t**3 - 69*t**2 + 837*t - 5131. What is h(6)?
-1
Let d(q) = q**3 - 15*q**2 + 104*q - 1091. Determine d(14).
169
Let p(b) = b**3 - 167*b**2 + 32*b - 62565. Calculate p(169).
-35
Let v(y) = 315*y + 16372. Determine v(-52).
-8
Let f(r) = -2651*r - 3769. Determine f(-3).
4184
Let j(d) = d**3 - 34*d**2 + 160*d - 23. Determine j(12).
-1271
Let o(t) = -216778*t + 650303. Determine o(3).
-31
Let i(k) = 1876*k + 33212. Determine i(-18).
-556
Let y(m) = 10437*m + 41678. What is y(-4)?
-70
Let y(i) = 88*i + 5214. What is y(-25)?
3014
Let g(n) = -n**3 - 479*n**2 - 56169*n + 169. Calculate g(-205).
-36
Let p(v) = 7959*v - 493644. Calculate p(62).
-186
Let r(m) = m**3 + 56*m**2 + 153*m + 637. What is r(-53)?
955
Let s(l) = 2053409*l - 16427269. Give s(8).
3
Let b(p) = -5*p**3 + 2*p**2 + 415*p - 803. What is b(2)?
-5
Let h(j) = -2*j**3 - 13*j**2 - 77*j - 549. Give h(-8).
259
Let b(v) = -v**3 + 92*v**2 - 1146*v + 61. Calculate b(15).
196
Let v(n) = 2259*n - 18407. Determine v(8).
-335
Let c(s) = -4995*s + 28778. What is c(6)?
-1192
Let f(j) = -j**3 - 259*j**2 + 1056*j + 1. What is f(4)?
17
Let y(k) = -373*k - 3411. Determine y(-8).
-427
Let v(l) = -11*l**2 - 318*l + 2616. What is v(8)?
-632
Let k(q) = -517*q - 44. Determine k(1).
-561
Let s(z) = -3*z**3 - 6*z**2 + 196*z + 604. What is s(-3)?
43
Let g(d) = -5*d**3 - 23*d**2 - 49*d - 239. Determine g(-5).
56
Let a(v) = -45*v**3 - 2*v**2 - 55*v - 100. Give a(-2).
362
Let r(f) = 13*f**2 + 1785*f - 11814. What is r(-144)?
714
Let x(d) = -d**2 + 96*d - 292. Give x(90).
248
Let d(f) = 8*f**3 + 39*f**2 + 227*f + 70. Give d(-5).
-1090
Let f(x) = -9062*x - 227242. Determine f(-25).
-692
Let z(d) = -3882*d - 602028. Calculate z(-155).
-318
Let t(g) = g**2 - 1001*g + 225658. What is t(658)?
-36
Let h(f) = -8*f**2 - 2234*f - 22050. Determine h(-269).
8
Let c(p) = 2*p**3 - 112*p**2 - 560*p - 392. Calculate c(61).
2658
Let b(q) = -2*q**3 - 146*q**2 + 7270*q + 329. What is b(34)?
125
Let q(l) = -448*l**3 + 22848*l**2 + 5*l - 42. What is q(51)?
213
Let v(j) = -2623*j - 46502. Calculate v(-18).
712
Let z(b) = 7306*b + 1190841. What is z(-163)?
-37
Let y(u) = 5*u**3 - 517*u**2 + 3092*u + 1173. Determine y(97).
9
Let h(j) = -17*j**3 + 1055*j**2 - 60*j - 175. Give h(62).
-51
Let y(g) = 37*g**3 + 665*g**2 - 15*g + 32. Determine y(-18).
-22
Let n(k) = -17*k**3 + 237*k**2 + 16*k + 17. Give n(14).
45
Let g(r) = r**3 - 12*r**2 + 831*r - 5771. Give g(7).
-199
Let p(h) = 3215*h - 32020. Give p(10).
130
Let h(p) = 21201*p + 296322. Calculate h(-14).
-492
Let r(l) = 9628*l - 577688. Give r(60).
-8
Let t(o) = -28*o**2 + 27739*o + 36705. What is t(992)?
1
Let c(y) = 10*y**3 + 34*y**2 + 62*y + 190. Calculate c(-4).
-154
Let g(r) = -116*r**2 + 469*r - 1237. Give g(3).
-874
Let m(d) = -d**3 + 92*d**2 + 230*d + 14954. Give m(96).
170
Let j(y) = -y**3 - 17*y**2 + 42*y - 308. Determine j(-19).
-384
Let o(u) = -291*u**2 + 7394*u - 13625. Give o(2).
-1
Let q(b) = 2*b**3 + 20*b**2 - 540*b - 5008. Calculate q(-9).
14
Let p(l) = -2*l**2 + 292*l - 6423. Calculate p(27).
3
Let h(n) = -2*n**2 - 21360*n - 192082. Determine h(-9).
-4
Let o(c) = c**3 + 6*c**2 + 181*c + 2276. What is o(-12)?
-760
Let k(l) = 12303*l + 26343. What is k(-2)?
1737
Let n(s) = -2209*s**2 - 10985*s + 30. Determine n(-5).
-270
Let i(o) = 329*o - 3551. Calculate i(10).
-261
Let i(o) = o**3 + 72*o**2 + 357*o - 349. Calculate i(-67).
-1823
Let q(w) = -9*w**2 - 143*w + 253. Calculate q(-17).
83
Let b(g) = -9*g**2 - 444*g + 2828. Calculate b(-55).
23
Let p(q) = 4587*q + 9210. What is p(-2)?
36
Let f(c) = 5477*c - 64577. What is f(13)?
6624
Let h(w) = 2*w**3 + 16*w**2 - 883*w - 7125. Determine h(-8).
-61
Let f(x) = 3*x**3 - 8*x**2 - 65*x + 35. What is f(-7)?
-931
Let o(u) = -33*u**2 - 26642*u - 79882. What is o(-3)?
-253
Let s(q) = 10*q**3 - 650*q**2 + 10*q - 692. Give s(65).
-42
Let m(w) = -w**3 + 112*w**2 - 105*w - 797. Calculate m(111).
-131
Let d(m) = -m**2 - 192*m - 2211. Determine d(-11).
-220
Let c(n) = -438*n + 15268. Calculate c(35).
-62
Let a(l) = l**3 - 29*l**2 + 157*l - 3845. What is a(26)?
-1791
Let s(p) = 11*p**2 - 101*p - 5176. Give s(27).
116
Let x(l) = 298*l - 2752. Determine x(10).
228
Let d(j) = 6548*j**2 - 39297*j + 51. What is d(6)?
-3
Let x(w) = 12195*w - 5268234. What is x(432)?
6
Let c(l) = 476*l - 33512. Calculate c(75).
2188
Let f(l) = l**3 + 1065*l**2 + 170975*l - 18224. What is f(-868)?
4
Let i(k) = 10*k**3 - 194*k**2 - 172*k + 677. Determine i(20).
-363
Let o(d) = -3*d**3 - 414*d**2 - d - 27. What is o(-138)?
111
Let t(n) = -97944*n + 1273266. Give t(13).
-6
Let x(g) = g**2 - 34*g + 5572. Determine x(49).
6307
Let p(d) = -56*d**2 - 7*d + 688. Give p(8).
-2952
Let y(z) = z**2 + 12695*z + 304095. Give y(-24).
-9
Let s(v) = v**3 + 26*v**2 + 10*v + 552. Determine s(-14).
2764
Let l(a) = -262*a**3 + 8*a**2 + 50*a + 99. What is l(-2)?
2127
Let u(d) = -8513*d - 59338. Give u(-7).
253
Let a(j) = j**2 - 19144*j + 764. Give a(0).
764
Let m(j) = 16978*j + 237534. Determine m(-14).
-158
Let o(k) = -2*k**3 - 58*k + 199. Give o(0).
199
Let a(z) = -911*z + 114808. Give a(126).
22
Let n(d) = 24*d**2 + 196*d - 115. What is n(-11)?
633
Let n(c) = -59*c**2 + 791*c - 20. Calculate n(13).
292
Let f(o) = -27406*o + 630389. Determine f(23).
51
Let m(f) = 3681*f - 283526. Determine m(77).
-89
Let k(z) = z**3 - 59*z**2 + 127*z - 619. Calculate k(57).
122
Let c(r) = 856*r + 7282. Calculate c(-9).
-422
Let w(h) = h**3 + 1165*h**2 + 226067*h - 1719. Determine w(-246).
3
Let h(l) = -l**2 - 1491*l - 296098. Calculate h(-236).
82
Let d(b) = 13*b**3 - 16*b**2 + 53*b - 33. Determine d(4).
755
Let c(n) = -6704*n + 207730. Determine c(31).
-94
Let v(t) = 3*t**2 + 450*t + 14505. What is v(-47)?
-18
Let l(j) = 3*j**2 + 493*j + 17878. Calculate l(-54).
4
Let y(q) = -219198*q + 7452725. Calculate y(34).
-7
Let r(s) = 3191*s + 596702. Give r(-187).
-15
Let i(b) = -b**3 + 35*b**2 - 34*b - 1139. Determine i(12).
1765
Let i(n) = 209*n**2 + 6654*n - 1078. Determine i(-32).
10
Let x(p) = -209*p**2 - 6071*p + 20. Calculate x(-29).
310
Let m(s) = -23*s**2 - 918*s + 46. Calculate m(-37).
2525
Let a(z) = 5*z**3 + 524*z**2 - 638*z - 337. Give a(-106).
-125
Let z(o) = 1233*o**2 + 3529*o + 3. Give z(-3).
513
Let m(o) = 94*o**2 - 1781*o - 1896. What is m(20)?
84
Let c(s) = -162494*s - 1137440. What is c(-7)?
18
Let x(m) = 17*m**2 - 29777*m - 131698. Give x(1756).
2
Let x(i) = 317*i + 18790. Calculate x(-58).
404
Let f(h) = h**3 + 35*h**2 - 89*h - 174. Determine f(-38).
-1124
Let d(j) = -19*j**2 - 721*j + 4445. Give d(6).
-565
Let y(q) = 51*q**3 - 2358*q**2 + 552*q - 4. Calculate y(46).
-4
Let b(w) = -50985*w + 8055630. Calculate b(158).
0
Let u(n) = n**3 + 277*n**2 + 807*n - 4082. Determine u(-274).
28
Let g(f) = -98*f**3 + 8*f**2 - 88*f + 79. What is g(1)?
-99
Let y(c) = -8*c**2 - 196*c + 1351. Determine y(6).
-113
Let i(j) = j**3 - 68*j**2 + 1053*j - 95. Determine i(25).
-645
Let a(b) = 15*b**2 + 1032*b + 7131. Calculate a(-61).
-6
Let x(y) = -510*y - 460. What is x(-2)?
560
Let y(l) = 62*l**3 + 179*l**2 - 174*l - 3. Give y(1).
64
Let j(u) = -372*u - 6616. What is j(-17)?
-292
Let g(d) = d**3 - 65*d**2 + 412*d - 143. Give g(58).
205
Let s(j) = -j**3 - 94*j**2 + 551*j + 5584. Determine s(-99).
40
Let i(l) = -6*l**2 - 76*l + 368. Give i(11).
-1194
Let u(n) = 3067*n + 3122. What is u(-1)?
55
Let v(t) = -4*t**2 - 360*t + 5884. What is v(-106)?
-900
Let j(b) = -b**3 - 20*b**2 + 1319*b + 28033. Give j(-22).
-17
Let m(z) = -105*z**2 - 375*z 